{"version":"1.0","provider_name":"Balkan Green Energy News","provider_url":"https:\/\/balkangreenenergynews.com\/rs","author_name":"Balkan Green Energy News","author_url":"https:\/\/balkangreenenergynews.com\/rs\/author\/balkangreenenergynews\/","title":"Hrvatska se prvi put predstavlja na WindEurope konferenciji","type":"rich","width":600,"height":338,"html":"<blockquote class=\"wp-embedded-content\" data-secret=\"7dwCKQwrmO\"><a href=\"https:\/\/balkangreenenergynews.com\/rs\/hrvatska-se-prvi-put-predstavlja-na-windeurope-konferenciji\/\">Hrvatska se prvi put predstavlja na WindEurope konferenciji<\/a><\/blockquote><iframe sandbox=\"allow-scripts\" security=\"restricted\" src=\"https:\/\/balkangreenenergynews.com\/rs\/hrvatska-se-prvi-put-predstavlja-na-windeurope-konferenciji\/embed\/#?secret=7dwCKQwrmO\" width=\"600\" height=\"338\" title=\"&#132;Hrvatska se prvi put predstavlja na WindEurope konferenciji&#147; &#8212; Balkan Green Energy News\" data-secret=\"7dwCKQwrmO\" frameborder=\"0\" marginwidth=\"0\" marginheight=\"0\" scrolling=\"no\" class=\"wp-embedded-content\"><\/iframe><script type=\"text\/javascript\">\n\/* <![CDATA[ *\/\n\/*! This file is auto-generated *\/\n!function(d,l){\"use strict\";l.querySelector&&d.addEventListener&&\"undefined\"!=typeof URL&&(d.wp=d.wp||{},d.wp.receiveEmbedMessage||(d.wp.receiveEmbedMessage=function(e){var t=e.data;if((t||t.secret||t.message||t.value)&&!\/[^a-zA-Z0-9]\/.test(t.secret)){for(var s,r,n,a=l.querySelectorAll('iframe[data-secret=\"'+t.secret+'\"]'),o=l.querySelectorAll('blockquote[data-secret=\"'+t.secret+'\"]'),c=new RegExp(\"^https?:$\",\"i\"),i=0;i<o.length;i++)o[i].style.display=\"none\";for(i=0;i<a.length;i++)s=a[i],e.source===s.contentWindow&&(s.removeAttribute(\"style\"),\"height\"===t.message?(1e3<(r=parseInt(t.value,10))?r=1e3:~~r<200&&(r=200),s.height=r):\"link\"===t.message&&(r=new URL(s.getAttribute(\"src\")),n=new URL(t.value),c.test(n.protocol))&&n.host===r.host&&l.activeElement===s&&(d.top.location.href=t.value))}},d.addEventListener(\"message\",d.wp.receiveEmbedMessage,!1),l.addEventListener(\"DOMContentLoaded\",function(){for(var e,t,s=l.querySelectorAll(\"iframe.wp-embedded-content\"),r=0;r<s.length;r++)(t=(e=s[r]).getAttribute(\"data-secret\"))||(t=Math.random().toString(36).substring(2,12),e.src+=\"#?secret=\"+t,e.setAttribute(\"data-secret\",t)),e.contentWindow.postMessage({message:\"ready\",secret:t},\"*\")},!1)))}(window,document);\n\/\/# sourceURL=https:\/\/balkangreenenergynews.com\/rs\/wp-includes\/js\/wp-embed.min.js\n\/* ]]> *\/\n<\/script>\n","thumbnail_url":"https:\/\/balkangreenenergynews.com\/rs\/wp-content\/uploads\/2019\/03\/WindEurope.jpg","thumbnail_width":1280,"thumbnail_height":543,"description":"Od 2. do 4. aprila u Bilbau \u0107e se odr\u017eati WindEurope 2019 Conference & Exhibition, najve\u0107i i najzna\u010dajniji ovogodi\u0161nji evropski doga\u0111aj na polju kori\u0161\u0107enja energije vetra, koji \u0107e okupiti klju\u010dne evropske institucije i evropsku privredu ovog sektora. Prvi put \u0107e se na ovom vode\u0107em me\u0111unarodnom skupu pozdravnim govorom obratiti i jedan ministar iz Hrvatske - ministar za\u0161tite okoli\u0161a i energetike Tomislav \u0106ori\u0107, saop\u0161tilo je udru\u017eenje Obnovljivi izvori energije Hrvatske."}

Od 2. do 4. aprila u Bilbau će se održati WindEurope 2019 Conference & Exhibition, najveći i najznačajniji ovogodišnji evropski događaj na polju korišćenja energije vetra, koji će okupiti ključne evropske institucije i evropsku privredu ovog sektora. Prvi put će se na ovom vodećem međunarodnom skupu pozdravnim govorom obratiti i jedan ministar iz Hrvatske - ministar zaštite okoliša i energetike Tomislav Ćorić, saopštilo je udruženje Obnovljivi izvori energije Hrvatske.
